 base 2
-100
Convert -7 (base 12) to base 2.
-111
What is -14 (base 14) in base 13?
-15
Convert -6 (base 15) to base 13.
-6
What is -5 (base 12) in base 2?
-101
What is 1 (base 10) in base 11?
1
-21 (base 4) to base 12
-9
Convert 30 (base 5) to base 11.
14
10 (base 8) to base 3
22
-10102 (base 3) to base 8
-134
Convert 167 (base 8) to base 14.
87
Convert 71 (base 8) to base 10.
57
Convert 1 (base 4) to base 7.
1
-6 (base 8) to base 2
-110
60 (base 11) to base 3
2110
Convert -13 (base 16) to base 14.
-15
What is 0 (base 16) in base 7?
0
34 (base 12) to base 13
31
Convert -261 (base 10) to base 11.
-218
What is -1 (base 10) in base 4?
-1
Convert -1 (base 14) to base 16.
-1
What is 11 (base 13) in base 14?
10
What is -1020 (base 4) in base 9?
-80
Convert -5 (base 15) to base 6.
-5
-10 (base 13) to base 7
-16
What is -6 (base 8) in base 15?
-6
What is 4 (base 7) in base 10?
4
201 (base 9) to base 6
431
1 (base 13) to base 7
1
Convert -2 (base 6) to base 9.
-2
What is -13 (base 9) in base 2?
-1100
Convert -2 (base 9) to base 16.
-2
What is 11 (base 3) in base 13?
4
Convert 110101 (base 2) to base 13.
41
-121 (base 4) to base 12
-21
Convert 0 (base 15) to base 8.
0
Convert 89 (base 10) to base 7.
155
What is -5 (base 6) in base 13?
-5
264 (base 9) to base 10
220
3 (base 6) to base 2
11
What is 13 (base 14) in base 12?
15
What is -100 (base 4) in base 16?
-10
Convert 22 (base 7) to base 16.
10
a (base 15) to base 16
a
Convert 11 (base 3) to base 11.
4
320 (base 5) to base 15
5a
What is a8 (base 13) in base 7?
255
What is -62 (base 8) in base 2?
-110010
-3 (base 7) to base 8
-3
-4 (base 11) to base 15
-4
Convert -36 (base 9) to base 11.
-30
What is 4c (base 13) in base 7?
121
Convert 5 (base 16) to base 14.
5
1010 (base 3) to base 8
36
Convert 0 (base 16) to base 4.
0
Convert 23 (base 15) to base 9.
36
Convert -2 (base 13) to base 7.
-2
What is 29 (base 10) in base 3?
1002
-3 (base 14) to base 10
-3
8d (base 15) to base 5
1013
What is -5 (base 6) in base 15?
-5
What is 10000 (base 2) in base 3?
121
3 (base 5) to base 10
3
1101 (base 2) to base 16
d
What is 4 (base 6) in base 12?
4
What is 10101 (base 2) in base 3?
210
What is -5 (base 9) in base 13?
-5
What is 13 (base 6) in base 8?
11
What is 33 (base 13) in base 5?
132
-3 (base 12) to base 6
-3
What is 7 (base 9) in base 2?
111
What is 3 (base 15) in base 12?
3
What is -9 (base 13) in base 14?
-9
Convert -5 (base 8) to base 11.
-5
What is -312 (base 9) in base 10?
-254
What is 275 (base 8) in base 3?
21000
-60 (base 10) to base 2
-111100
What is -2a (base 16) in base 11?
-39
Convert 2 (base 3) to base 13.
2
20 (base 3) to base 5
11
What is -31 (base 10) in base 12?
-27
Convert 27 (base 9) to base 16.
19
What is 16 (base 10) in base 7?
22
What is 2010 (base 3) in base 10?
57
What is 1 (base 11) in base 16?
1
Convert -4 (base 10) to base 6.
-4
Convert -10000000 (base 2) to base 16.
-80
Convert 377 (base 10) to base 9.
458
Convert 0 (base 5) to base 14.
0
337 (base 8) to base 15
ed
1010 (base 2) to base 5
20
-a (base 13) to base 10
-10
What is 10 (base 2) in base 7?
2
What is 12 (base 5) in base 10?
7
Convert 24 (base 13) to base 14.
22
-5 (base 11) to base 7
-5
Convert -89 (base 10) to base 4.
-1121
12 (base 4) to base 2
110
Convert 122 (base 8) to base 3.
10001
What is 11 (base 3) in base 16?
4
Convert 3 (base 8) to base 5.
3
Convert 1 (base 16) to base 7.
1
What is 10022 (base 3) in base 15?
5e
2 (base 16) to base 9
2
Convert -101 (base 2) to base 13.
-5
What is -25 (base 15) in base 6?
-55
-124 (base 11) to base 6
-403
What is -27 (base 16) in base 2?
-100111
4 (base 8) to base 16
4
What is -12 (base 3) in base 13?
-5
-143 (base 8) to base 11
-90
-10 (base 9) to base 10
-9
133 (base 5) to base 11
3a
-11 (base 15) to base 8
-20
What is 101 (base 2) in base 13?
5
Convert 5 (base 14) to base 5.
10
-348 (base 9) to base 16
-11f
Convert 1 (base 9) to base 2.
1
What is 131 (base 6) in base 9?
61
-2 (base 12) to base 8
-2
20 (base 6) to base 3
110
Convert -11 (base 4) to base 3.
-12
What is 38 (base 14) in base 13?
3b
What is 34 (base 10) in base 6?
54
5a (base 11) to base 13
50
What is 5 (base 14) in base 9?
5
2 (base 14) to base 15
2
Convert -8 (base 9) to base 8.
-10
Convert 30 (base 5) to base 15.
10
Convert 1 (base 15) to base 3.
1
What is 1113 (base 4) in base 6?
223
Convert 11 (base 6) to base 9.
7
Convert 305 (base 6) to base 2.
1110001
3 (base 10) to base 12
3
What is 7 (base 9) in base 15?
7
332 (base 6) to base 10
128
-2 (base 5) to base 6
-2
What is -3 (base 10) in base 2?
-11
What is 0 (base 6) in base 10?
0
Convert -91 (base 12) to base 13.
-85
Convert 14 (base 10) to base 11.
13
What is -11100 (base 2) in base 5?
-103
Convert 14 (base 9) to base 7.
16
Convert 62 (base 9) to base 15.
3b
-20 (base 5) to base 2
-1010
What is -111 (base 2) in base 5?
-12
b (base 15) to base 13
b
Convert -70 (base 12) to base 4.
-1110
Convert -2 (base 6) to base 5.
-2
Convert -2121 (base 3) to base 2.
-1000110
Convert -100 (base 12) to base 2.
-10010000
What is 1 (base 4) in base 6?
1
317 (base 9) to base 4
10003
36 (base 16) to base 4
312
Convert 1 (base 2) to base 4.
1
Convert -2 (base 13) to base 2.
-10
-1f (base 16) to base 8
-37
What is b2 (base 12) in base 10?
134
-d (base 14) to base 2
-1101
10 (base 12) to base 16
c
What is 1121 (base 5) in base 12?
115
Convert 11000 (base 2) to base 13.
1b
What is -41 (base 9) in base 7?
-52
What is 14 (base 6) in base 8?
12
Convert 1c (base 14) to base 5.
101
1 (base 4) to base 5
1
Convert 5 (base 6) to base 9.
5
-2000 (base 3) to base 5
-204
-100100 (base 2) to base 16
-24
What is 2 (base 13) in base 7?
2
What is -1 (base 11) in base 7?
-1
Convert -123 (base 4) to base 14.
-1d
-4 (base 8) to base 13
-4
Convert -111 (base 6) to base 5.
-133
What is -25 (base 8) in base 3?
-210
-3 (base 16) to base 8
-3
What is 3 (base 13) in base 9?
3
10 (base 9) to base 6
13
12220 (base 3) to base 4
2133
What is 1b (base 15) in base 7?
35
Convert -2c (base 16) to base 2.
-101100
Convert 14 (base 10) to base 3.
112
Convert -2 (base 13) to base 2.
-10
What is -2110 (base 3) in base 14?
-4a
Convert -4 (base 6) to base 8.
-4
Convert -146 (base 12) to base 14.
-102
Convert -3 (base 13) to base 5.
-3
Convert -1 (base 10) to base 3.
-1
-1c (base 13) to base 11
-23
Convert -13 (base 15) to base 6.
-30
Convert 1 (base 12) to base 2.
1
What is -11 (base 10) in base 4?
-23
What is -6a (base 14) in base 12?
-7a
What is 3 (base 8) in base 11?
3
-100110011 (base 2) to base 16
-133
Convert -a (base 12) to base 15.
-a
Convert -39 (base 16) to base 14.
-41
-2 (base 14) to base 5
-2
-11101 (base 2) to base 9
-32
What is 5 (base 12) in base 7?
5
Convert 34 (base 10) to base 6.
54
What is -2 (base 10) in base 5?
-2
What is 228 (base 9) in base 15?
c8
-6 (base 9) to base 10
-6
What is 1 (base 16) in base 15?
1
What is 2 (base 11) in base 4?
2
12 (base 11) to base 12
11
22 (base 6) to base 15
e
What is 3 (base 11) in base 13?
3
0 (base 16) to base 10
0
100 (base 3) to base 4
21
Convert 1 (base 12) to base 2.
1
2 (base 10) to base 11
2
What is 255 (base 7) in base 12?
b6
32 (base 11) to base 14
27
Convert 3 (base 16) to base 8.
3
What is -1 (base 14) in base 13?
-1
Convert 1001 (base 3) to base 15.
1d
110110011 (base 2) to base 13
276
-3 (base 10) to base 13
-3
What is 11 (base 15) in base 5?
31
Convert 36 (base 9) to base 14.
25
1 (base 11) to base 10
1
Convert -105 (base 8) to base 7.
-126
What is -138 (base 10) in base 2?
-10001010
Convert -33 (base 4) to base 2.
-1111
31 (base 4) to base 7
16
1 (base 9) to base 7
1
-21d (base 14) to base 3
-120112
-c (base 14) to base 3
-110
1 (base 5) to base 8
1
What is -6 (base 10) in base 7?
-6
7 (base 16) to base 6
11
Convert -100 (base 2) to base 3.
-11
What is 7 (base 8) in base 10?
7
What is 210 (base 6) in base 4?
1032
-23 (base 16) to base 15
-25
Convert -11 (base 9) to base 16.
-a
30 (base 5) to base 11
14
What is 0 (base 7) in base 4?
0
16 (base 16) to base 9
24
What is -1101010 (base 2) in base 3?
-10221
What is 9 (base 11) in base 7?
12
What is 1a (base 12) in base 6?
34
-9 (base 15) to base 14
-9
2 (base 8) to base 6
2
What is a7 (base 12) in base 4?
1333
-11 (base 2) to base 11
-3
Convert -10 (base 7) to base 15.
-7
Convert -62 (base 15) to base 11.